359
List the prime factors of 310.
2, 5, 31
List the prime factors of 9803.
9803
What are the prime factors of 87110?
2, 5, 31, 281
What are the prime factors of 1166?
2, 11, 53
List the prime factors of 15640.
2, 5, 17, 23
What are the prime factors of 19477?
19477
List the prime factors of 838.
2, 419
List the prime factors of 12787.
19, 673
What are the prime factors of 31516?
2, 7879
List the prime factors of 15187.
15187
What are the prime factors of 9866?
2, 4933
List the prime factors of 91118.
2, 29, 1571
What are the prime factors of 8195?
5, 11, 149
What are the prime factors of 49827?
3, 17, 977
List the prime factors of 507.
3, 13
List the prime factors of 6725.
5, 269
List the prime factors of 21959.
7, 3137
List the prime factors of 3725.
5, 149
List the prime factors of 889.
7, 127
What are the prime factors of 2310?
2, 3, 5, 7, 11
What are the prime factors of 26267?
26267
What are the prime factors of 14720?
2, 5, 23
What are the prime factors of 1350?
2, 3, 5
List the prime factors of 40121.
53, 757
List the prime factors of 1293.
3, 431
List the prime factors of 7105.
5, 7, 29
What are the prime factors of 60855?
3, 5, 4057
List the prime factors of 459.
3, 17
List the prime factors of 111.
3, 37
What are the prime factors of 12310?
2, 5, 1231
List the prime factors of 1597.
1597
What are the prime factors of 58464?
2, 3, 7, 29
List the prime factors of 1419.
3, 11, 43
What are the prime factors of 6144?
2, 3
List the prime factors of 69044.
2, 41, 421
What are the prime factors of 8028?
2, 3, 223
What are the prime factors of 41614?
2, 20807
List the prime factors of 20184.
2, 3, 29
What are the prime factors of 43748?
2, 10937
What are the prime factors of 87712?
2, 2741
List the prime factors of 2153.
2153
List the prime factors of 40376.
2, 7, 103
List the prime factors of 265.
5, 53
List the prime factors of 535.
5, 107
List the prime factors of 2143.
2143
What are the prime factors of 488?
2, 61
What are the prime factors of 8326?
2, 23, 181
What are the prime factors of 2873?
13, 17
What are the prime factors of 2674?
2, 7, 191
List the prime factors of 4120.
2, 5, 103
List the prime factors of 83394.
2, 3, 41, 113
What are the prime factors of 2102?
2, 1051
What are the prime factors of 1239?
3, 7, 59
What are the prime factors of 1416?
2, 3, 59
What are the prime factors of 2410?
2, 5, 241
What are the prime factors of 8502?
2, 3, 13, 109
List the prime factors of 241.
241
What are the prime factors of 1516?
2, 379
List the prime factors of 6605.
5, 1321
List the prime factors of 39.
3, 13
What are the prime factors of 92?
2, 23
List the prime factors of 2939.
2939
What are the prime factors of 1688?
2, 211
What are the prime factors of 7405?
5, 1481
List the prime factors of 109.
109
List the prime factors of 10729.
10729
What are the prime factors of 149264?
2, 19, 491
What are the prime factors of 2814?
2, 3, 7, 67
List the prime factors of 7584.
2, 3, 79
List the prime factors of 1166.
2, 11, 53
List the prime factors of 87462.
2, 3, 43, 113
List the prime factors of 31.
31
What are the prime factors of 9014?
2, 4507
List the prime factors of 62334.
2, 3, 3463
What are the prime factors of 29729?
7, 31, 137
What are the prime factors of 78?
2, 3, 13
List the prime factors of 731.
17, 43
List the prime factors of 635.
5, 127
List the prime factors of 695.
5, 139
What are the prime factors of 1028?
2, 257
What are the prime factors of 14733?
3, 1637
What are the prime factors of 1937?
13, 149
List the prime factors of 2988.
2, 3, 83
List the prime factors of 1546.
2, 773
What are the prime factors of 65419?
65419
What are the prime factors of 624?
2, 3, 13
List the prime factors of 1644.
2, 3, 137
List the prime factors of 4349.
4349
List the prime factors of 5414.
2, 2707
What are the prime factors of 178687?
17, 23, 457
What are the prime factors of 1062?
2, 3, 59
What are the prime factors of 38477?
109, 353
List the prime factors of 4198.
2, 2099
What are the prime factors of 8805?
3, 5, 587
What are the prime factors of 82733?
7, 53, 223
What are the prime factors of 479?
479
List the prime factors of 60973.
11, 23, 241
List the prime factors of 58260.
2, 3, 5, 971
List the prime factors of 76608.
2, 3, 7, 19
List the prime factors of 5222.
2, 7, 373
What are the prime factors of 50798?
2, 11, 2309
What are the prime factors of 238?
2, 7, 17
What are the prime factors of 1324?
2, 331
List the prime factors of 89789.
7, 101, 127
List the prime factors of 151036.
2, 61, 619
List the prime factors of 1866.
2, 3, 311
What are the prime factors of 14459?
19, 761
What are the prime factors of 4698?
2, 3, 29
List the prime factors of 93384.
2, 3, 1297
What are the prime factors of 11252?
2, 29, 97
List the prime factors of 590.
2, 5, 59
What are the prime factors of 14586?
2, 3, 11, 13, 17
List the prime factors of 9039.
3, 23, 131
List the prime factors of 30160.
2, 5, 13, 29
List the prime factors of 109892.
2, 83, 331
List the prime factors of 140751.
3, 13, 401
What are the prime factors of 4827?
3, 1609
What are the prime factors of 44844?
2, 3, 37, 101
What are the prime factors of 1407?
3, 7, 67
What are the prime factors of 1232?
2, 7, 11
List the prime factors of 1069.
1069
List the prime factors of 1228.
2, 307
List the prime factors of 16202.
2, 8101
List the prime factors of 1128.
2, 3, 47
List the prime factors of 44211.
3, 14737
What are the prime factors of 525?
3, 5, 7
What are the prime factors of 544?
2, 17
What are the prime factors of 3931?
3931
List the prime factors of 503.
503
What are the prime factors of 14006?
2, 47, 149
List the prime factors of 815.
5, 163
What are the prime factors of 72?
2, 3
List the prime factors of 2196.
2, 3, 61
What are the prime factors of 55714?
2, 89, 313
What are the prime factors of 56963?
56963
What are the prime factors of 6023?
19, 317
List the prime factors of 1342.
2, 11, 61
List the prime factors of 5015.
5, 17, 59
List the prime factors of 7073.
11, 643
List the prime factors of 45425.
5, 23, 79
List the prime factors of 21981.
3, 17, 431
List the prime factors of 101448.
2, 3, 1409
What are the prime factors of 43871?
19, 2309
What are the prime factors of 5023?
5023
What are the prime factors of 2458?
2, 1229
List the prime factors of 7274.
2, 3637
List the prime factors of 42961.
42961
What are the prime factors of 2593?
2593
List the prime factors of 3581.
3581
What are the prime factors of 1271?
31, 41
What are the prime factors of 552?
2, 3, 23
List the prime factors of 12164.
2, 3041
What are the prime factors of 6169?
31, 199
List the prime factors of 17937.
3, 1993
What are the prime factors of 98677?
101, 977
What are the prime factors of 30493?
30493
What are the prime factors of 5102?
2, 2551
What are the prime factors of 17312?
2, 541
List the prime factors of 50309.
7, 7187
What are the prime factors of 1728?
2, 3
What are the prime factors of 99602?
2, 49801
List the prime factors of 783.
3, 29
What are the prime factors of 8451?
3, 313
What are the prime factors of 2861?
2861
List the prime factors of 71.
71
What are the prime factors of 4007?
4007
What are the prime factors of 2669?
17, 157
What are the prime factors of 20239?
37, 547
What are the prime factors of 54875?
5, 439
What are the prime factors of 17893?
29, 617
List the prime factors of 2006.
2, 17, 59
List the prime factors of 188078.
2, 11, 83, 103
What are the prime factors of 848?
2, 53
List the prime factors of 4522.
2, 7, 17, 19
What are the prime factors of 5159?
7, 11, 67
List the prime factors of 4090.
2, 5, 409
List the prime factors of 1483.
1483
List the prime factors of 1602.
2, 3, 89
List the prime factors of 14290.
2, 5, 1429
What are the prime factors of 59616?
2, 3, 23
What are the prime factors of 23902?
2, 17, 19, 37
What are the prime factors of 3414?
2, 3, 569
List the prime factors of 4313.
19, 227
What are the prime factors of 110?
2, 5, 11
What are the prime factors of 1222?
2, 13, 47
List the prime factors of 3396.
2, 3, 283
What are the prime factors of 15867?
3, 41, 43
What are the prime factors of 52412?
2, 13103
List the prime factors of 5562.
2, 3, 103
What are the prime factors of 2019?
3, 673
What are the prime factors of 8785?
5, 7, 251
W